 0 = -n*j + j + 204. What is the remainder when (-10)/35 + j/14 is divided by 2?
1
Let f(u) = -5*u - 13. Let y be f(-9). Suppose 0 = 5*n - y + 7. Calculate the remainder when 7 is divided by n.
2
Let n = -58 + 68. What is the remainder when 37 is divided by n?
7
Suppose -6 = 2*f - 5*f. Suppose 0 = f*v + 3*v - 130. What is the remainder when v is divided by 9?
8
What is the remainder when (1 - -1)*3/12*122 is divided by 26?
9
What is the remainder when 72 is divided by (-98)/(-5) + (-6)/10?
15
Calculate the remainder when (-9 + 8)/(3/(-186)) is divided by 13.
10
Let y = -25 - -49. Let d = -3 - -5. Calculate the remainder when y is divided by d - ((2 - 2) + -7).
6
Let s(t) = -2*t**2 - 13*t + 8. Calculate the remainder when 1 is divided by s(-7).
0
Let n = -46 + 186. Calculate the remainder when n is divided by 48.
44
Let y(g) = g**2 + g - 10. Calculate the remainder when y(7) is divided by 12.
10
Let y = 25 + -18. Suppose -4*h - 12 = 4*s, -3*h = -s - 0*s + 9. Suppose 2*v + 2*q - q = 13, 5*v + 5*q - 45 = s. What is the remainder when y is divided by v?
3
Suppose 2*n - 2*z = 6, -z - 2*z - 11 = -5*n. What is the remainder when (3 - n)/((-6)/(-57)) is divided by 5?
4
Let d = -800 - -809. Suppose -4*x = 5*k - 16, -2*k - 3*k + 4 = x. What is the remainder when d is divided by x?
1
Suppose 88 = 13*p - 16. Calculate the remainder when 2/(-7) - (-275)/7 is divided by p.
7
Suppose 5*g = 4*j + 85, -g + 0*g + 18 = -j. What is the remainder when 26 is divided by g?
0
Suppose 3*h + 2 = -4, l - 4*h = 132. What is the remainder when l is divided by 32?
28
Let d(b) = -3*b. What is the remainder when 82 is divided by d(-7)?
19
Suppose -9*o = -12*o - 12. Let f = -1 - o. Let u = 18 - 11. What is the remainder when u is divided by f?
1
Let m(q) = q**2 - 10*q - 8. Suppose -5*g - 4*b + 13 = -36, 2*b + 60 = 4*g. Suppose -2*u = -2 - 14. Calculate the remainder when m(g) is divided by u.
7
Let h(t) = -t - 5. Let n be h(-5). Suppose n = i - 10 - 7. What is the remainder when 50 is divided by i?
16
Suppose 3*g - 88 = -1. What is the remainder when 57 is divided by g?
28
Let y(k) = -19*k + 25. What is the remainder when y(-5) is divided by 11?
10
Let z = 4 + -2. Suppose -5*y - 3*v - 15 = 0, y + z*v + 0*v = -10. Let w = 9 - y. Calculate the remainder when 15 is divided by w.
6
Suppose 2*c - x = 37 + 62, 3*c + 5*x - 155 = 0. Let t(i) = -i**3 + 2*i**2 - 1 + 2*i - 7*i**2 + i. Calculate the remainder when c is divided by t(-6).
16
Let c = -284 - -298. Let q(f) = f. Let n be q(6). Suppose -5*s = -n*s + 27. Calculate the remainder when s is divided by c.
13
Let t = 19 - -2. Calculate the remainder when t is divided by 6.
3
Let f = 87 + -33. Calculate the remainder when f is divided by 19.
16
What is the remainder when 93/7 - (92/28 + -3) is divided by (2 + 0 + -10)/(-1)?
5
Let y = 8 - -21. Suppose 0 = -0*p - p + 10. What is the remainder when y is divided by p?
9
Let n(s) = 3*s + 11. Let d(p) = 4*p + 12. Let h(z) = -2*d(z) + 3*n(z). Let f = -3 + 3. What is the remainder when 17 is divided by h(f)?
8
Let h(g) = 3*g**2 - g - 1. Suppose 2*n = -2*w + 3*n - 16, 4*n = -2*w + 4. Let f(q) = q + 9. What is the remainder when h(2) is divided by f(w)?
0
Suppose 2*s = -2*s + 4*o, 3*s - o = 0. Suppose -4*u + 70 - 6 = s. Let x = 139 - 78. Calculate the remainder when x is divided by u.
13
Suppose -7 - 3 = -5*j. Calculate the remainder when (-13 - -3)*(j - 6) is divided by 14.
12
Let d = 21 + -18. Let s(o) = -o**3 + 4*o**2 - o - 3. What is the remainder when s(3) is divided by d?
0
Let j = -27 + -12. Let h be 3/(6/10)*j. Calculate the remainder when 16 is divided by h/(-21) + (-4)/14.
7
Let u(h) = -4*h**2 - 3*h**3 - h - 1 - 4*h + 2*h**3 + 2*h. Let q(g) = -g**3 - 4*g**2 - 2*g - 4. What is the remainder when q(-5) is divided by u(-4)?
9
Suppose 13 = 3*m + 4. Let h(b) = b**3 + 7*b**2 + 4*b - 7. Calculate the remainder when 3 - m - (-11 + 2) is divided by h(-6).
4
Let n(m) = -m**2 + 6*m - 5. Let r be n(4). Let x = -1 + r. Let y(d) = -d**3 + 30*d**2 - 31*d + 59. Calculate the remainder when x is divided by y(29).
0
Suppose -3*h - 5*u = -70, 3*h = -2*h - 3*u + 90. Calculate the remainder when 40 is divided by h*(2 - 1) - 1.
12
Let i = -45 - -52. What is the remainder when 29 is divided by i?
1
Let p = 6 - -42. What is the remainder when p is divided by 7?
6
Let n = 52 + -31. Calculate the remainder when n is divided by 8.
5
Suppose 3*d + d + c - 85 = 0, 0 = 4*d - 3*c - 65. Suppose 0*r - r + 7 = 0. Calculate the remainder when d is divided by r.
6
Suppose -4*d + 3*m = -10, 3*m - m + 5 = d. Suppose 5*f - 28 = 2. What is the remainder when f is divided by (d/4)/((-11)/(-132))?
0
Suppose 4*i + 2*a - 28 = 0, 0 = 5*i + 3*a - 0*a - 33. Let l = 12 + i. Calculate the remainder when l is divided by 11.
10
Let z = 4 - 4. Suppose z = l - 5 + 1. Let j = l - -3. What is the remainder when 12 is divided by j?
5
Let k = -4 + 9. Suppose 8*t + k = 13*t. Let q(a) = 30*a - 1. Calculate the remainder when q(t) is divided by 10.
9
Suppose -27 = l - 4*l. Let m = 5 - l. Let n(z) = 2*z**2 + 4*z - 2. What is the remainder when 25 is divided by n(m)?
11
Let y(m) be the first derivative of m**3/3 - 3*m**2/2 + 4*m + 4. Calculate the remainder when 27 is divided by y(5).
13
Suppose 4*v + 2 = 3*r, -3 = 5*v - r - 3*r. Suppose 0 = 4*o - v - 15. What is the remainder when o is divided by ((-1)/3)/((-1)/6)?
0
Suppose -7*q + 390 = -2*q. Suppose 0 = -4*z + d + 105, 88 = 3*z - d + 10. Calculate the remainder when q is divided by z.
24
Suppose -3*g + 1 = -11. What is the remainder when g is divided by (6/8)/(3 - 21/8)?
0
Suppose 2*i + 60 = 5*m + 23, -2*i - 30 = -4*m. Calculate the remainder when 11 is divided by m.
4
Suppose -3*b = 4*f - 3*f + 37, 3*f + b = -79. Let m = -17 - f. What is the remainder when ((-1)/2)/((-1)/46) is divided by m?
7
Let f(r) = 15*r + 18. Calculate the remainder when f(3) is divided by 26.
11
Let s = 5 + -2. Suppose -s*n + 5*n + 5*c = 31, c - 1 = 0. Calculate the remainder when 50 is divided by n.
11
Let r(d) = d**3 - 7*d**2 + 3*d - 8. Let p = -45 - -6. Let y = p - -63. What is the remainder when y is divided by r(7)?
11
Suppose 2*p - 8 + 4 = 0. Suppose -2*r - p = -0*r. Let z = r - -4. What is the remainder when z is divided by 3?
0
Suppose -5*t - 3*v + 4 = v, 3*t - 16 = v. Calculate the remainder when 7 is divided by t.
3
Let b = 3 - 0. Suppose 0 = -b*j - 2*j + 75. Calculate the remainder when 59 is divided by j.
14
Let r = 181 + 3. Suppose -3*c - c = -r. Calculate the remainder when c is divided by 24.
22
Suppose 3*x + 16 - 61 = 0. Let w = 94 - 65. Calculate the remainder when w is divided by x.
14
Let v = 6 + -2. Suppose y + u = 18, 10 = v*u - 2. Calculate the remainder when y is divided by 8.
7
Suppose 0 = 2*p - 2*z, 4*p + 3*z = p. What is the remainder when 43 is divided by -5*(p - 22/10)?
10
Let r = 68 - 57. What is the remainder when 62 is divided by r?
7
Suppose 4*z - 2*u = -0*u + 232, -5*u - 244 = -4*z. What is the remainder when z is divided by 15?
11
Suppose 3*x = 3*t - 213, -2*t + 0*x + 139 = x. Calculate the remainder when t is divided by 18.
16
Suppose t - 3*o = 1 - 0, 0 = t - 4*o - 4. Let r = t + 16. What is the remainder when 14 is divided by r?
6
Let s(p) = -p**2 + 15*p - 38. What is the remainder when 53 is divided by s(8)?
17
Let l = 8 + -5. Suppose -4*q - 2*m - 40 = q, 4*m = -4*q - 32. What is the remainder when (-62)/q + 21/(-28) is divided by l?
1
Suppose 6*i - 5 - 145 = 0. Calculate the remainder when 70 is divided by i.
20
Suppose 0 = -g - 5*x - 4, -5*g + 43 = -2*g + 4*x. Suppose -y = -5*o - 28 - 5, 2*y = 4*o + 36. What is the remainder when g is divided by y?
5
Let t be 4/3*(-12)/8. Let f = t - -5. Suppose -g = f*g - 40. Calculate the remainder when 28 is divided by g.
8
Suppose 0*o + 15 = o. Let l = -14 + o. Calculate the remainder when 1 is divided by l.
0
What is the remainder when 31 + (-2 - (-5 + 7)) is divided by 10?
7
Let i = 2 + -13. Let r(n) = n**3 + 12*n**2 + 7*n - 13. Calculate the remainder when r(i) is divided by 16.
15
Suppose -37 = k - 3*u, 3*k + 2*u = -22 - 78. Let j be 3/(-12) + k/(-8). Suppose -6 = -5*q + j*q. What is the remainder when 11 is divided by q?
5
Suppose -2 + 23 = 7*q. Calculate the remainder when 6 is divided by q.
0
Calculate the remainder when 10 + -9 